34*u = 1811*u + 180527. Calculate the highest common factor of u and 167.
167
Suppose 4*j - 116 - 16 = 0. Suppose 2*i - 3*p = p + 78, -p + j = i. Let w = -102585 - -102595. Calculate the greatest common factor of w and i.
5
Suppose 1536 = 3*p - 9*p. Let w = 318 + p. What is the greatest common factor of w and 31?
31
Suppose 27 = -4*b + 3, -2*a - 2*b + 338 = 0. What is the greatest common divisor of a and 925?
25
Let l be (-2)/10 + 5/(75/5148). Let b = 367 - l. Calculate the greatest common factor of b and 3.
3
Let v be (-108)/(-30) - (-6)/15. Suppose v*c + 4*h = 23 + 85, -2*c + 3*h + 69 = 0. What is the highest common divisor of 18 and c?
6
Let m(a) = 66*a + 1134. Let z be m(-14). What is the greatest common factor of z and 672?
42
Let b = -3309 + 4137. Calculate the highest common divisor of 184 and b.
92
Let t(x) = x**3 + 30*x**2 - 83*x - 391. Let o be t(-32). What is the greatest common divisor of 112 and o?
7
Let b(l) = l**3 + l + 3. Let g be b(0). Let t be 3 + 3 - (-4)/(16/(-20)). Let u be (19 - (g + t)) + -1. What is the greatest common factor of u and 42?
14
Let h = 1255 - 1178. What is the highest common divisor of h and 1925?
77
Let k(d) be the third derivative of 23*d**4/6 + 2*d**3/3 - 3*d**2 - 17. Let b be 5/7 - 4/(-14). Let l be k(b). What is the greatest common factor of 12 and l?
12
Let g be 48/(-6) + (-136)/(-17). Suppose -d + 325 = 4*y - 2*d, 4*d + 4 = g. Calculate the highest common divisor of 36 and y.
9
Let y be 20/6 + 1/6*(-274)/137. What is the highest common factor of 591 and y?
3
Let r(d) = -d**2 + 5*d - 1. Let s be r(0). Let a(t) = 2*t**2 - 5*t - 3. Let c be a(s). Calculate the highest common factor of c and 6.
2
Let d = 6589 - 3515. What is the greatest common divisor of d and 58?
58
Suppose 0 = 2*d - r + 119, 5*r + 281 = -5*d - 24. Let x(l) = l**2 + 58*l - 78. Let h be x(d). What is the highest common factor of h and 102?
6
Suppose -5*u = 2*q - 4*q + 2663, -3*q = -u - 4027. Suppose 4*y = 32*y - q. Calculate the highest common factor of 80 and y.
16
Let b = 42 + -29. Let j(x) = -17*x + 45 - 1 + 37 + 5. Let s be j(5). What is the greatest common factor of b and s?
1
Suppose 2*b = -2*b - 104. Let v = b + 70. Suppose 3*g - 759 = -231. Calculate the highest common factor of g and v.
44
Let r(o) = 7*o + 7 + 14 + 5 - 18. Let n be r(-1). What is the highest common divisor of 7 and n?
1
Let y(r) = -r**2 - 32*r + 78. Let g be (-2660)/80 - (-6)/(-8). Let b be y(g). Calculate the greatest common divisor of 5 and b.
5
Let j(r) = r**2 + r + 220. Let b be j(0). Let y be (-6732)/(-2295)*(5 + 10). Calculate the greatest common divisor of y and b.
44
Let s(q) = q**3 + 6*q**2 + 12. Suppose 19*g + 60 = 7*g. Let i be s(g). Calculate the highest common factor of 407 and i.
37
Let s(i) = 4*i**3 - 22*i**2 - 13. Let a be s(6). Let p = a - 46. Calculate the highest common divisor of p and 767.
13
Suppose 9*h = 26 + 64. Let b(w) = 7 - 3 + 11*w + 10 - w**2. Let q be b(h). Calculate the highest common divisor of 36 and q.
12
Suppose 67*t - 1937 = 66*t - 2*n, -2*t + 3832 = -3*n. Calculate the greatest common factor of 77 and t.
77
Let m = -7 + 63. Let u be (-3)/(-7) + 638/(-1015) + 2802/10. Calculate the greatest common factor of u and m.
56
Let s(c) = -c**3 - 23*c**2 + 12*c - 46. Let b be s(-23). Let l = 351 + b. What is the highest common factor of l and 232?
29
Let b = 465 + -372. Suppose -m - 2*i + 3*i = -163, -3*i - 811 = -5*m. Suppose 2*r + b = m. What is the greatest common divisor of 2 and r?
2
Suppose 30 = 2*i - 5*q - 97, 158 = 3*i - q. Suppose -46*o + 40 = -i*o. Let z = 17 - o. Calculate the highest common factor of 10 and z.
5
Suppose -2*a + 6 = -10. Suppose 0 = -a*b + 1 + 7. Let u be (-3 - -19)/2*1. Calculate the highest common divisor of u and b.
1
Suppose 0 = -p + 4*a + 15, 5*p + 121*a = 120*a + 12. Calculate the highest common divisor of 108 and p.
3
Suppose -3*t = -b - 1, 0 = 5*b - 2*t + 3*t - 27. Let q be b/(210/(-18)) - (-108)/7. What is the greatest common divisor of 375 and q?
15
Suppose 51*t + 8531 = 11183. Calculate the highest common factor of t and 273.
13
Suppose -3*c = 4*b + 11, b + 1 = 2*c - c. Let p be 3 + b + -2 + 3. Suppose i = -p*s + 7, -5 = -3*s - 4*i + 8. What is the greatest common divisor of s and 15?
3
Let r = 170 + -113. Let c = r - 31. Calculate the greatest common factor of 286 and c.
26
Let m(c) = c**2 - 13*c + 14. Let p be m(12). Suppose p*o + 0*o = 3*n - 1392, 5*o = -n + 447. Calculate the greatest common factor of n and 42.
42
Let u be ((-9)/12)/(9/75)*24. Let p be 3/(7 - u/(-24)). Calculate the greatest common divisor of 20 and p.
4
Suppose 240 = -10*b + 15*b. Suppose -5*t + 34 = 4*p, 4*p + 32 = 4*t + 12. Calculate the greatest common divisor of t and b.
6
Suppose -790*r = -794*r + 154212. What is the highest common factor of 181 and r?
181
Suppose -81*v = -7964 + 2456. Suppose 3*m - 2*n - 599 - 107 = 0, -m - 4*n + 254 = 0. What is the greatest common factor of v and m?
34
Let n be -2 + 2/(-7) + (-480)/280 - -40. Suppose -1512 = -2*o + 720. Calculate the greatest common divisor of n and o.
36
Let k(d) = d**2 + 10*d + 8. Let z be k(-12). Let w(i) = i**2 - 22*i + 9. Let q be w(31). What is the greatest common divisor of z and q?
32
Suppose -i = 4*b - 5938, 3*i + 7431 = -2*b + 7*b. Suppose 19*o - 24*o = -b. Calculate the greatest common divisor of 27 and o.
27
Let z be 4 + (-9)/(45/(-10)) + -3. Suppose 5*w - z*l - 762 = 0, -3*w - l + 120 + 326 = 0. What is the highest common factor of w and 250?
50
Let u(i) = 14 + 13*i - 45 - 214. Let n be u(25). Let d be (-12)/(-1) + -1 + -1. Calculate the greatest common divisor of n and d.
10
Let r be 22 + -20 - (-2 + -3). Suppose -r*p + 460 + 212 = 0. What is the greatest common factor of p and 12?
12
Suppose -151*j = 6113 - 39711 - 1283. Calculate the greatest common factor of 42 and j.
21
Suppose -22887 = -45*x + 49117 + 22766. Calculate the highest common factor of 390 and x.
78
Let n = 384 + -360. Let a be (2 - -20 - -2)/1. What is the highest common divisor of a and n?
24
Let g(n) = 6*n**2 + 3*n + 21. Let i be g(-5). Let l = 77 - 47. Let u = i - l. What is the highest common divisor of 14 and u?
14
Let o = 4528 - 4498. What is the greatest common factor of 66 and o?
6
Let r be (454/(-18) + (-6)/(-27))/(139/(-10008)). What is the greatest common factor of r and 480?
120
Let v(f) = f**3 + 10*f**2 + 8*f + 2. Let x be 6/(-4)*(-7 + 13). Let p be v(x). What is the greatest common divisor of 176 and p?
11
Suppose -3656 - 858 = -31*p + 756. Calculate the greatest common divisor of 240 and p.
10
Suppose -4*o - 144 = -164. Suppose 0 = 3*g + 27 - 63. Let u = -10 + g. Calculate the greatest common factor of u and o.
1
Let x(w) = 75*w + 1630. Let l be x(-21). Calculate the highest common factor of l and 16115.
55
Let v(h) = h**3 + 15*h**2 - 106*h + 95. Let c be v(9). Calculate the highest common factor of c and 6944.
217
Suppose 214 = 2*z + 18*v - 14*v, 3*v + 132 = z. Calculate the highest common divisor of 2097 and z.
9
Let b(d) = -1 - 9*d + 2 - 7*d - 8*d. Let a = -85 - -84. Let w be b(a). What is the greatest common factor of w and 275?
25
Let d = 41 + -28. Let x be (8 + -8)*1 - (-1 - -521). Let c be 5/(150/x)*3/(-4). Calculate the highest common factor of d and c.
13
Suppose -59*z - 368 = -55*z. Let v = 117 + z. What is the highest common divisor of 15 and v?
5
Let l(x) = x**2 + 2*x + 3. Suppose -4 - 10 = 7*h. Let r be l(h). Suppose -160 = -r*d + 2*d. Calculate the greatest common divisor of 40 and d.
40
Let c be 3/(-9)*-6 - -35. Let h = -22 + c. Let k = 69 - h. Calculate the greatest common divisor of 36 and k.
18
Let x be (6955/20)/((-5)/(-38 + -2)). Calculate the greatest common divisor of 234 and x.
26
Suppose -b = -5*c - 3874, -20*c + 18*c - 26887 = -7*b. What is the highest common divisor of b and 66?
11
Let a = 109 + -84. Suppose -3*u = -5*v + 59, v - 6*u - a = -u. Let c be -2*(-8)/5*(v + -5). What is the greatest common factor of c and 56?
8
Suppose 6*v - 4*w = 3*v + 13, -2*w = -10. Suppose 37 = -3*i + r, 2*i - 2*r = 5*i + 34. Let q be 3/(-2) - 546/i. What is the greatest common divisor of q and v?
11
Suppose 3*m + 995 = 3*h + 548, -439 = -3*h - 5*m. Calculate the highest common factor of h and 23014.
74
Suppose -5*v = 5*u - 43760, -12*v + 35033 = -8*v - u. Calc